er when 1279529 is divided by 596?
513
What is the remainder when 860940 is divided by 215232?
12
What is the remainder when 1876356 is divided by 332?
224
Calculate the remainder when 596786 is divided by 112.
50
What is the remainder when 15150828 is divided by 4997?
4921
What is the remainder when 1531762 is divided by 1190?
232
Calculate the remainder when 7121572 is divided by 1019.
800
Calculate the remainder when 1792277 is divided by 873.
8
Calculate the remainder when 827856 is divided by 529.
500
Calculate the remainder when 874285 is divided by 291333.
286
Calculate the remainder when 3271264 is divided by 836.
832
What is the remainder when 239269006 is divided by 8?
6
Calculate the remainder when 8167873 is divided by 345.
343
What is the remainder when 1468377 is divided by 74?
69
What is the remainder when 8691621 is divided by 155?
151
What is the remainder when 2443967 is divided by 2116?
2103
What is the remainder when 2114035 is divided by 211400?
35
What is the remainder when 13214706 is divided by 12?
6
What is the remainder when 604770 is divided by 612?
114
Calculate the remainder when 8450158 is divided by 11373.
19
Calculate the remainder when 763306 is divided by 149.
128
Calculate the remainder when 4459146 is divided by 4459142.
4
Calculate the remainder when 6348498 is divided by 76.
66
What is the remainder when 182132 is divided by 2316?
1484
Calculate the remainder when 1740040 is divided by 2793.
1
What is the remainder when 105594 is divided by 105542?
52
What is the remainder when 33535331 is divided by 3071?
11
Calculate the remainder when 15946314 is divided by 87.
84
What is the remainder when 530392 is divided by 1181?
123
Calculate the remainder when 1978840 is divided by 2835.
10
Calculate the remainder when 11113393 is divided by 505149.
115
Calculate the remainder when 131719 is divided by 313.
259
Calculate the remainder when 22747426 is divided by 2213.
2212
Calculate the remainder when 2347799 is divided by 503.
298
What is the remainder when 2431931605 is divided by 5758?
5757
Calculate the remainder when 26685707 is divided by 39.
35
Calculate the remainder when 190318 is divided by 3029.
2520
What is the remainder when 11065512 is divided by 8264?
16
Calculate the remainder when 127755 is divided by 458.
431
Calculate the remainder when 193190 is divided by 67.
29
What is the remainder when 14964175 is divided by 14964131?
44
Calculate the remainder when 64605 is divided by 4037.
13
Calculate the remainder when 5041239 is divided by 27.
15
Calculate the remainder when 1295151 is divided by 207.
159
What is the remainder when 40560040 is divided by 6523?
26
Calculate the remainder when 5162876 is divided by 48.
44
Calculate the remainder when 4391225 is divided by 459.
431
What is the remainder when 569731 is divided by 3183?
3157
What is the remainder when 4664022 is divided by 1554671?
9
What is the remainder when 16014053 is divided by 459?
2
What is the remainder when 102077 is divided by 19464?
4757
What is the remainder when 503499 is divided by 31461?
123
Calculate the remainder when 2379171 is divided by 327.
246
What is the remainder when 966025 is divided by 1632?
1513
What is the remainder when 13756913 is divided by 3916?
5
What is the remainder when 2925343 is divided by 6932?
39
Calculate the remainder when 5045 is divided by 3558.
1487
Calculate the remainder when 1352756 is divided by 385.
251
What is the remainder when 66075 is divided by 2777?
2204
Calculate the remainder when 2865706 is divided by 645.
616
Calculate the remainder when 6878523 is divided by 127380.
3
Calculate the remainder when 57518 is divided by 9584.
14
What is the remainder when 996356715 is divided by 3981?
3978
What is the remainder when 10543824 is divided by 1496?
16
Calculate the remainder when 3950412 is divided by 77459.
3
What is the remainder when 205816705 is divided by 2014?
3
What is the remainder when 287662092 is divided by 40334?
4
Calculate the remainder when 1258215 is divided by 157109.
1343
What is the remainder when 1010826 is divided by 336919?
69
What is the remainder when 1896493 is divided by 189635?
143
What is the remainder when 70190499 is divided by 35095249?
1
Calculate the remainder when 31116137 is divided by 167.
29
Calculate the remainder when 470178 is divided by 317.
67
What is the remainder when 38819 is divided by 38412?
407
What is the remainder when 185946 is divided by 4226?
2
Calculate the remainder when 5571700 is divided by 18.
16
Calculate the remainder when 1289458 is divided by 6651.
5815
Calculate the remainder when 4410685 is divided by 659.
657
Calculate the remainder when 210029395 is divided by 1422.
1417
Calculate the remainder when 1875451 is divided by 625067.
250
What is the remainder when 308316 is divided by 13402?
70
Calculate the remainder when 253231 is divided by 1279.
1268
Calculate the remainder when 18736093 is divided by 105.
103
What is the remainder when 110213486 is divided by 36737824?
14
What is the remainder when 1023257 is divided by 332?
33
Calculate the remainder when 118621 is divided by 23.
10
Calculate the remainder when 64785 is divided by 1583.
1465
What is the remainder when 10885423 is divided by 2916?
2911
What is the remainder when 54623 is divided by 5143?
3193
What is the remainder when 21228222 is divided by 1179345?
12
What is the remainder when 40560536 is divided by 6768?
6680
What is the remainder when 74670 is divided by 4264?
2182
What is the remainder when 103343235 is divided by 8294?
8289
Calculate the remainder when 484367250 is divided by 121091809.
14
What is the remainder when 667839 is divided by 112?
95
Calculate the remainder when 799191 is divided by 1046.
47
What is the remainder when 1630129 is divided by 543375?
4
What is the remainder when 2179839 is divided by 66055?
24
Calculate the remainder when 3411286 is divided by 183.
166
What is the remainder when 31940394 is divided by 288?
42
Calculate the remainder when 185790 is divided by 16887.
33
What is the remainder when 520112 is divided by 1121?
1089
What is the remainder when 82826925 is divided by 18997?
5
What is the remainder when 4956994 is divided by 4637?
41
Calculate the remainder when 474826 is divided by 639.
49
What is the remainder when 465229 is divided by 1846?
37
What is the remainder when 455389 is divided by 20?
9
What is the remainder when 3842385 is divided by 214?
15
Calculate the remainder when 39231 is divided by 1488.
543
Calculate the remainder when 9556647 is divided by 90.
87
What is the remainder when 5743103 is divided by 49084?
275
What is the remainder when 581388 is divided by 548?
508
Calculate the remainder when 370316293 is divided by 8371.
8366
Calculate the remainder when 731672 is divided by 22747.
3768
Calculate the remainder when 549914 is divided by 274957.
0
Calculate the remainder when 8908876 is divided by 1466.
1460
Calculate the remainder when 8949564 is divided by 426168.
36
What is the remainder when 38427665 is divided by 538?
477
What is the remainder when 1183495 is divided by 38?
23
What is the remainder when 1162071 is divided by 580855?
361
Calculate the remainder when 595295 is divided by 2767.
390
Calculate the remainder when 8533122 is divided by 328197.
0
What is the remainder when 3753580 is divided by 3739?
3363
Calculate the remainder when 8549899 is divided by 2849965.
4
Calculate the remainder when 8400272 is divided by 135488.
16
Calculate the remainder when 448173 is divided by 127.
117
What is the remainder when 12192 is divided by 1693?
341
What is the remainder when 3254998 is divided by 2330?
2318
Calculate the remainder when 6372247 is divided by 2801.
2773
Calculate the remainder when 4319984 is divided by 108.
92
Calculate the remainder when 29534 is divided by 29016.
518
What is the remainder when 45312 is divided by 8226?
4182
What is the remainder when 6379024 is divided by 2126340?
4
Calculate the remainder when 13333712 is divided by 1699.
1659
Calculate the remainder when 352452 is divided by 3344.
1332
Calculate the remainder when 7036336 is divided by 7036335.
1
What is the remainder when 6710 is divided by 1296?
230
Calculate the remainder when 550673 is divided by 